r?
True
Let d(n) be the first derivative of 539*n**2/2 - 12*n + 9. Is d(5) a composite number?
False
Let a(o) = 166*o - 3. Is a(2) prime?
False
Suppose -3*a = -5*f + 7562, -6050 = -3*f - f + 2*a. Is f a composite number?
True
Let b(o) = 104*o**2 + o + 1. Is b(2) composite?
False
Let j be 1*3 - (5 - 6). Suppose 0 = -3*s - j*o + 1003, o = 4*s + s - 1687. Is s prime?
True
Suppose -3*y = -52 - 8. Suppose 5*w + 0*w = y. Suppose w*x - 53 = -5*s, -5*s + 32 = -3*s - 2*x. Is s a composite number?
False
Suppose -3*d - 3*z - z = -241, 0 = -5*d + 2*z + 393. Is d prime?
True
Let x = -1504 - -3633. Is x composite?
False
Let r = 0 + 2. Let v = 8 - r. Suppose v*d - 3*d = 9. Is d composite?
False
Let x = 95 - 37. Suppose 4*b - x = -2*h + 6*b, -5*h = 3*b - 105. Suppose h = j - 10. Is j a prime number?
False
Let a(y) = y**3 + 7*y**2 - 6*y + 2. Let u(z) = z**3 + 11*z**2 - 12*z + 11. Let f be u(-12). Suppose 1 + f = -2*t. Is a(t) a prime number?
False
Let d = -12 - -15. Suppose d*l - 5*c = 69, -4*l - c = -5*l + 23. Is l prime?
True
Let n(h) = -11*h + 1. Let k be n(-6). Suppose -k = 4*u - 199. Suppose -u = -o - 2*o. Is o a prime number?
True
Suppose 0 = b + 2*b - 27. Let g(j) = 7*j - 10. Is g(b) prime?
True
Let g = -1191 - -2474. Is g composite?
False
Let h = -930 - -1553. Is h a composite number?
True
Let f(c) = c**3 - 2*c - 1. Let b be f(-2). Let y = b + 10. Suppose y*x - 6*x = -79. Is x a composite number?
False
Let w = -13 - -18. Suppose a = w*a - 1044. Suppose -3*b = -5*l - 139, 0*b - l - a = -5*b. Is b a prime number?
True
Let c = -126 - -593. Is c prime?
True
Is (-1350)/(-6) - 3/((-3)/(-2)) prime?
True
Let i(j) = -23*j + 1. Let n be i(-5). Suppose 4*u = 4*l + n, -u - 2*u + 79 = -5*l. Is u composite?
True
Is -1*(20/5 + -6 - 417) composite?
False
Suppose 4*u - 5*i - 1047 = 560, -3*u - 5*i = -1214. Is u composite?
True
Suppose -4*k = -j - 635, -15*k + 16*k + 4*j = 163. Is k a prime number?
False
Let m = 26 + -37. Let p = 34 + m. Is p a composite number?
False
Let b = 6 - -97. Is b composite?
False
Suppose -3*g + 259 = 3*f - f, 2*g - f - 182 = 0. Let w = -46 + g. Is w prime?
True
Suppose 0 = y + 4*t - 133, 5*y - 763 = -5*t - 68. Suppose -2*z - y = -395. Is z composite?
False
Let h = 1080 + -601. Is h prime?
True
Let j = -11 - -12. Let k(o) = 55*o**3 + j - 2*o - 6*o**3 + o. Is k(1) a prime number?
False
Suppose -2*i - 16098 - 7300 = -4*t, -3*i = 3. Is t composite?
False
Suppose -3*d + 324 + 429 = 0. Is d a prime number?
True
Let o(r) = 11*r**2 + 3*r - 5. Let d(n) = 55*n**2 + 15*n - 26. Let j(x) = -2*d(x) + 11*o(x). Is j(2) a prime number?
True
Suppose -4*l - 1115 = -2895. Is l composite?
True
Suppose -m + 191 = -102. Is m a prime number?
True
Suppose 0 = -3*r + f + 197, 3*r + 5*f = -r + 250. Is r composite?
True
Is 890/2 + (-10)/5 a composite number?
False
Suppose -4*f + 5*v + 816 = v, 5*v = -2*f + 401. Is f composite?
True
Let s(t) = 3*t + 3. Let d be s(-2). Is (1 + 2)/d - -24 prime?
True
Suppose 0 = o - 3 - 7. Is 2/(-4) + 1855/o composite?
True
Suppose 2*j - 2801 = -4*z - 575, 1672 = 3*z - j. Is z prime?
True
Let z = 39 - 21. Let h be z/2*(-1)/1. Is 13364/36 - (-2)/h composite?
True
Suppose 4*s = -s - 225. Suppose -398 = -5*d - 0*d - 4*v, 4*d - 5*v = 302. Let q = d + s. Is q a composite number?
True
Is 1317*(2 + 0)/6 prime?
True
Let a be (-3 + 2)/1 - -1. Let y be -11*(3 + (-1 - a)). Let j = -12 - y. Is j composite?
True
Let v = -11 - -14. Is (1 - -3 - v) + 168 composite?
True
Suppose -3*g = 0, 4*q = -4*g - 2 + 18. Suppose q*l - 457 = -3*k, k - 308 = -k - 2*l. Is k prime?
False
Let u(z) = 5*z**3 - 2*z**2 + 5*z - 5. Is u(3) composite?
False
Let o(c) = -c**3 - 6*c**2 - 6*c + 7. Let a be o(-6). Suppose -2*r - 11 - 25 = 0. Let p = r + a. Is p a prime number?
False
Suppose -g + 3*k = 4, 3*g - 41 = -5*k - 11. Suppose 12 = g*p - 23. Suppose -p = 3*a - 52. Is a a prime number?
False
Suppose 0 = -0*v + 4*v - 3148. Is v prime?
True
Suppose -234 + 8 = -2*r. Is r composite?
False
Let f(r) = r**3 - 6*r**2 - 7*r - 1. Is f(8) a composite number?
False
Suppose -a = -4*m + 474, 5*m + 3*a - 295 - 306 = 0. Is m composite?
True
Let n = 291 + 598. Is n composite?
True
Suppose -4*j + 55 = -z - 378, 0 = -2*j + 2*z + 224. Let r = j - 20. Is r a prime number?
False
Let k be 396/10 - 2/(-5). Suppose 4*s - 48 - k = 0. Is s composite?
True
Suppose -3*a = 5*k - 1247, -4*a + 1656 = 6*k - k. Is a a prime number?
True
Let t be (44/(-6))/(2/(-21)). Suppose 4*w + 2*y - 224 = 0, -w = 2*w - 5*y - 142. Let x = t - w. Is x prime?
True
Let l(w) = w**3 - 10*w**2 + 4*w - 8. Let z be l(10). Suppose -u = -111 + z. Is u a prime number?
True
Let a(n) = -38*n - 11. Is a(-9) composite?
False
Let q = 31 + -16. Suppose -f + q = -4. Is f composite?
False
Let c = 610 - 344. Suppose 5*n - c = 149. Is n prime?
True
Let q = 77 - 51. Suppose -5*m - q = -241. Is m composite?
False
Let l(v) be the second derivative of -20*v**3 - 3*v**2/2 - 6*v. Is l(-2) a prime number?
False
Suppose -2*r = -g + 107, -2*g = -7*g - 4*r + 549. Is g a composite number?
False
Let k(g) = g - 14. Let i be k(6). Let m = i + 26. Let u = -9 + m. Is u a prime number?
False
Is -1 - (-1465 + -2*(-3)/(-3)) prime?
False
Suppose 12 = -4*w, -f + 3*w + 10 = -4. Suppose 0 = -f*u - 850 + 3065. Suppose -u = -5*n + 2*y, 4*y + y = -20. Is n a prime number?
False
Is (-28)/16*(3 - 127) a prime number?
False
Let f(h) = 38*h + 5 + 0 - 4. Is f(5) a composite number?
False
Suppose 3*u - g = -0*g - 801, -2*u + 4*g - 534 = 0. Let q = -118 - u. Is q prime?
True
Let k(n) = -n**2 - 24*n - 15. Is k(-20) a composite number?
True
Suppose v - 3*v + 1402 = 0. Is v a composite number?
False
Suppose 2*r - 3*r + 4 = 0. Suppose -r*p - 30 = p. Let g(u) = -12*u - 5. Is g(p) a composite number?
False
Let j = -507 + 211. Let i be 4/14 - (-29030)/70. Let g = i + j. Is g prime?
False
Suppose -2*m - 150 = -j, -3*m + 309 = 2*j + 2*m. Let g = j + -63. Is g a composite number?
False
Suppose -5*h - 3*x = -2038, h + h + 5*x = 819. Is h a prime number?
False
Let u(y) = -12*y - 4. Let q be u(-3). Suppose 0*f - 2*c - q = -f, 5*f = 2*c + 160. Let m = 45 - f. Is m prime?
True
Let r be (-3)/6 + 34/4. Let s(f) = -2 + r*f + 4 + 4 - f**2. Is s(7) prime?
True
Is -4 + (3 - 3) + 153 composite?
False
Let w(u) be the first derivative of -5*u**2/2 - 6*u + 1. Let h be w(-4). Suppose 14 = 2*j - h. Is j prime?
False
Suppose 150*l = 154*l - 6964. Is l a composite number?
False
Let k(m) = -m**2 + 5*m - 4. Let i be k(4). Suppose -4*a = 3*r - 3*a - 767, i = a + 4. Is r a composite number?
False
Is (-7782)/(-15) - (-2)/10 a prime number?
False
Let u(x) = -x**3 - x. Let n(w) = 6*w**3 - 2*w**2 + 5*w. Let i(o) = n(o) + 5*u(o). Let r be i(2). Suppose -4*m + 7*m - 69 = r. Is m a prime number?
True
Let r = -116 - -243. Is r a prime number?
True
Let z be 1021/(-3) - (-2)/(-3). Let d = -198 - z. Is d a composite number?
True
Let b be (11/(-3) - -3)*-18. Let a be 6/b + (-198)/(-4). Is 12/10*a/4 a prime number?
False
Let d = 9 + -7. Suppose 5*f + d*m - 436 = 3*m, m - 260 = -3*f. Is f composite?
True
Suppose -4*m = -16, r + 4*m + 492 = 3*r. Let j = r - 148. Is j a composite number?
True
Suppose -y - 2*n + 227 = 0, 1032 = 3*y - 3*n + 315. Is y a composite number?
True
Suppose 5*b - 307 = 1528. Is b prime?
True
Let z(w) = -2*w - 4. Let g be z(-4). Suppose 2*u + 0*h = h + 383, 763 = g*u - h. Suppose -m = m - u. Is m a composite number?
True
Let h = -982 + 1401. Is h prime?
True
Is (-10)/(-5) - (2 + -1361) a composite number?
False
Suppose 0 = -9*v + 11*v - 110. Is v a prime number?
False
Suppose -19 = 3*h - 5*m, -5*h - 3*m = -6*m + 5. Suppose -h*x - 2*x = -184. Is x composite?
True
Suppose 4*c = -2*m + 5020, -c + 3*m + 846 = -395. Is c prime?
False
Suppose -1 = 4*g - 5. Let v(a) = 224*a**3 - a. Is v(g) composite?
False
Let h(p) = -165*p - 8. Is h(-3) a prime number?
True
Suppose 0 = -17*n + 13*n + 268. Is n composite?
False
Let n = 533 + -226. Is n a prime number?
True
Let t be ((-31)/2)/((-1)/2). Suppose 2*x - 3*j = -2*j, 5*x + j = 14. Is 1/2*x*t a composite number?
False
Suppose 0 = -z - 3*z + 1364. Is z composite?
True
Let f(v) = -v**2 - 5*v + 5. Let o be f(-7). Let p(i) = -33*i + 10. Is p(o) composite?
False
Suppose -5*h = -4*h - 47. Is h a prime number?
True
Suppose 12 = 4*q, -4*h + 5*q - 1013 = -5*h. Is h a prime 